f s.
2, 5
Let b be 32/5 - (-6)/(-15). Let i be b/27 - (-392)/18. Suppose -i = -5*u - 4*m, 3*u - 3*m = -4 + 1. What are the prime factors of u?
2
Let x = -55 - -115. List the prime factors of x.
2, 3, 5
Let q = -45 - -69. List the prime factors of q.
2, 3
Suppose 165 = -3*z + 8*z. List the prime factors of z.
3, 11
Suppose 2*n + 6*c - c - 19 = 0, c - 3 = 0. Suppose 3*z = b - n*b + 35, 3*b = -12. What are the prime factors of z?
13
Suppose 0 = 5*z - 14 - 31. List the prime factors of (3/(-2))/(z/(-60)).
2, 5
Let k(y) = -y**3 + 7*y**2 + 6*y - 6. Let g be 5 - (0 + 1 + -3). Let l be k(g). Suppose 0*p - 3*p + l = 0. List the prime factors of p.
2, 3
Let b be (4/(-6))/((-2)/6). Let o(s) = -s + s - b - 4 + 3*s. List the prime factors of o(5).
3
Suppose -2*s = 5*b - 11, -2*s - 2*b + 7*b + 1 = 0. Suppose -3*t = 5*x + 72, -4*x - 47 = -x - 2*t. List the prime factors of ((-6)/15)/(s/x).
2
Let k = -2 + 1. Let g be (1/1)/(k/9). Let l(z) = z**3 + 9*z**2 + 6. List the prime factors of l(g).
2, 3
Suppose -p + w + 5 = -6, -2*p + 3*w = -27. Suppose -4*a - p = -134. List the prime factors of a.
2
Let b = -1 - -6. Suppose 3*y = b*y. Suppose y = -l + 11 - 1. List the prime factors of l.
2, 5
Let s(d) = d**3 - 9*d**2 - 27*d - 1. List the prime factors of s(12).
107
Let x = -10 + 13. Suppose -x*q - 3*t + 78 = 0, 2*q + 6*t = 3*t + 49. What are the prime factors of q?
29
Let q be (6/(-15))/((-1)/5). Suppose 4*d - 3*d - q = 0. List the prime factors of d.
2
Suppose -33 = 5*g - 2*g + 3*x, -x + 85 = -5*g. Let m = 38 - 69. Let k = g - m. What are the prime factors of k?
3, 5
Suppose 0*z + 5*z - 260 = 0. Suppose 5*l + z = 137. List the prime factors of l.
17
Suppose 0 = -3*j + 4*l + 22, 4*l = -13 - 3. Suppose -j*v + 12 = -6*v. What are the prime factors of -18*(8/v - -2)?
2, 3
What are the prime factors of (51/4)/((-4)/(-16))?
3, 17
Suppose -4*i - i + v + 33 = 0, 5*v = 3*i - 11. Let d = i - 5. Suppose -d*f + 48 = 2*f. List the prime factors of f.
2, 3
Suppose 12 = -p + 47. Let c = 49 - p. Let n = 30 - c. What are the prime factors of n?
2
Let k = 3 + -2. List the prime factors of (-1)/k*(-12 - -1).
11
Suppose 20 = -4*i + 8*i. Let f = 0 - -2. Let k = i + f. List the prime factors of k.
7
Suppose -z - 3*z = -16. Suppose -5*o + 29 = z. List the prime factors of o.
5
Let g(o) = 5*o + 4. Let n be g(4). Suppose 0 = 4*t, -6*d + 2*d + n = -t. List the prime factors of (-1)/d + (-86)/(-12).
7
Let p(r) = -r**2 - 19*r - 18. What are the prime factors of p(-14)?
2, 13
Suppose 0 = 2*y - y. Let a(l) = -l**3 - l**2 + 2. Let q be a(y). List the prime factors of 2*1*17/q.
17
Let i be 1*-3*(-3)/9. Let y(g) = g**2 - 6*g + 5. Let t be y(5). List the prime factors of (t + i)*13 + 1.
2, 7
Let b(m) = -4*m + 4*m**2 + 0*m + 2 + m**3 - 7*m**2. Let r be b(4). Suppose -r*a + 0*a = -24. List the prime factors of a.
2, 3
Let y = 26 - 21. List the prime factors of y.
5
Suppose 0*b + 12 = 3*b. Suppose -2*p - b = -p. List the prime factors of 4/p*(0 - 2).
2
Let d be (-1)/(-2)*2 - -2. Let h = d + 7. What are the prime factors of h?
2, 5
Let g(i) = i + 1. Let n be g(1). Suppose 0 = b - n, 2*b = 3*v + 4*b - 67. List the prime factors of v.
3, 7
Suppose 4*q - d - 23 = 0, -q - 2*q - 5*d = -23. Let u(m) be the first derivative of m**2 - 4*m - 4. What are the prime factors of u(q)?
2
Let h(k) = -k**3 + 9*k**2 - 14*k - 6. List the prime factors of h(6).
2, 3
Suppose -4*u - u + 15 = 0. Suppose 2*y + u*l - 23 = 0, 2*y - y + 5*l - 29 = 0. What are the prime factors of (-30)/y*6/(-9)?
5
Let d = -568 - -836. List the prime factors of d.
2, 67
Let z be 4/(-4) - -3 - 27. Let c = z + 36. List the prime factors of c.
11
Let z be (12/10)/(6/(-120)). Let a = -16 - z. What are the prime factors of a?
2
List the prime factors of ((-24)/16)/(3/(-20)).
2, 5
Let t be (20/12)/(2/6). Suppose -3*p - a + 9 = 0, -t*p + a = -2*p - 9. List the prime factors of p.
3
List the prime factors of (135/(-2))/(-5)*2.
3
Let n(c) = c + 5. Let a be n(-5). Let m(i) = i**2 - i - 1. Let g(x) = 4*x**2 - 3*x + 2. Let q(k) = g(k) - 3*m(k). List the prime factors of q(a).
5
Suppose 3*h - 75 = 3*i, -3*h + 3*i - 4*i = -55. What are the prime factors of h?
2, 5
Let u(w) = w**3 - 7*w**2 + 10*w - 9. Suppose -2*l + 2 + 10 = 0. Let f be u(l). List the prime factors of ((-8)/6 - -2)*f.
2, 5
Let q = 107 + -74. What are the prime factors of q?
3, 11
Let u(h) = 14 + 9*h - h**2 + 2 - 9. List the prime factors of u(5).
3
Suppose 0 = -5*p + 3*x + 698, -5*x + 0*x = -4*p + 548. What are the prime factors of p?
2, 71
Let d(l) = -l + 9. Suppose 0 = -p + 5*p - 8. Suppose 18 = -p*y - n + 5*n, -n - 6 = y. What are the prime factors of d(y)?
2
Let d be 8/3 - 7/(-21). Let p(z) = 2*z**2 + 8*z + 8. Let h be p(-6). List the prime factors of h/3 + 1/d.
11
Let n be ((-6)/(-4))/(3/4). Suppose h - 3*p = -n*h + 78, -p = 2*h - 55. List the prime factors of h.
3
Suppose -58 = -2*i - 18. List the prime factors of i.
2, 5
Let d(z) = 6*z + 4. Let u be d(-3). Let i be 7/u*(1 + -7). What are the prime factors of (2/i)/((-4)/(-66))?
11
List the prime factors of -14*(-4)/(-6)*(-420)/40.
2, 7
Suppose -57*k = -62*k + 1170. List the prime factors of k.
2, 3, 13
Suppose 6*s - 231 = 777. List the prime factors of s.
2, 3, 7
Let r = -49 - -76. List the prime factors of r.
3
Let z(d) = 2*d + 4. Let p be z(-5). Let g(i) = i**2 - 2*i - 8. Let h be g(p). Let x = -29 + h. What are the prime factors of x?
11
Suppose -67 = -3*o + 4*i, o - 5*i - 4 = -0. What are the prime factors of o?
29
Let q(s) = s - 12. List the prime factors of q(14).
2
Suppose 2*o - 6*o = 0. Suppose o = -3*c + 4*c. Let p = c + 2. What are the prime factors of p?
2
Suppose -4*r + 8 = -0*r. Suppose r*m = b - 3*b + 22, b = -3*m + 37. List the prime factors of m.
13
Suppose 3*b = 2*m - 36 + 14, -5*m - 4*b + 55 = 0. What are the prime factors of m?
11
Let a(i) = i**2 + 5*i + 6. Let n be a(-4). Suppose n = 3*g - 1. What are the prime factors of 4 - (0 - (-2 + g))?
3
Suppose 3*p = 94 - 382. Let m = -66 - p. What are the prime factors of m?
2, 3, 5
Suppose o = -2*w - 4*o + 17, 5*o - 33 = -3*w. List the prime factors of (1 + 1)/(w/232).
29
Let g(u) = u**2 + 9*u. Let d(s) = -s**2 - 8*s. Let l(z) = -4*d(z) - 3*g(z). List the prime factors of l(-8).
2, 3
Suppose -4*q = 3*g - 0*g - 4, -q = -4*g - 1. What are the prime factors of -3 + 31 - g - -2?
2, 3, 5
Suppose -6*k = -11*k + 30. What are the prime factors of k?
2, 3
Let o(l) = 2*l**2 + 2*l - 5*l**2 + l + l**2 - 5 - l**3. Let i(u) = -u - 9. Let z be i(-5). List the prime factors of o(z).
3, 5
Let l be (-2)/(-5) + (-27)/5. Let i = 2 - l. List the prime factors of i.
7
Let c(n) = 3*n. Let o be c(1). Suppose -o - 2 = -h. Suppose -76 = -h*w - 26. What are the prime factors of w?
2, 5
Suppose 2*g + 40 = 7*g. Let t = g + -3. Suppose 1 = 5*p - 19, 2*c + t*p - 42 = 0. What are the prime factors of c?
11
What are the prime factors of (-20)/(3/9*-1)?
2, 3, 5
Suppose -11 - 4 = -3*c. Suppose -80 = -0*s - c*s. What are the prime factors of s?
2
Let j be 1/(3 + -2)*1. List the prime factors of j/4*1*44.
11
Let u be -2*1 - (-2)/1. Suppose -4*k + 17 = b, 3*b + u*b = -5*k + 23. Suppose -k*i = z - 53, -i - 3*z = z - 2. List the prime factors of i.
2, 7
Let a(d) = -d**2 + 26*d - 32. List the prime factors of a(20).
2, 11
Let f(y) = 8*y - 58. What are the prime factors of f(15)?
2, 31
Let t be 0 + (-2 - 0) + 1. Let b be 6/(-3)*2*t. Suppose 3*x - 16 - 4 = r, -3*x - b*r + 10 = 0. List the prime factors of x.
2, 3
What are the prime factors of 2*(1 - 0) - -9?
11
Let h be 4/12 + 34/6. Suppose -w - 4*c = -7, 2*w - 19 - h = 3*c. What are the prime factors of w?
11
Let c(u) = -u**3 + 4*u**2 + 8*u - 7. Let i be c(5). Let b = 15 - i. What are the prime factors of b?
7
Let j(r) = -31*r**3 + r**2 - 1. What are the prime factors of j(-1)?
31
Suppose 5 + 5 = 2*x - 5*d, 3*x - 4 = 2*d. Suppose x = -a + 63 - 21. Suppose -3*h = -6*h + a. What are the prime factors of h?
2, 7
Let v(u) = u + 1. Let m(b) = 3*b - 4. Let a be m(4). List the prime factors of v(a).
3
Let m(k) be the first derivative of -7/3*k**3 + 1 - 7/2*k**2 - 1/4*k**4 + 2*k. List the prime factors of m(-6).
2
Let t be (2 + -1)*1 + 1. Let i = t - 8. Let j(p) = -3*p - 6. List the prime factors of j(i).
2, 3
Let b be 14 - (0 + (0 - 0)). Let d = 1 - 11. Let l = d + b. 